{"id":322,"date":"2018-02-19T21:12:42","date_gmt":"2018-02-19T21:12:42","guid":{"rendered":"http:\/\/www.bebedetoucafotografia.com.br\/?page_id=322"},"modified":"2018-02-19T21:15:57","modified_gmt":"2018-02-19T21:15:57","slug":"sobre-a-fotografa","status":"publish","type":"page","link":"https:\/\/www.bebedetoucafotografia.com.br\/index.php\/sobre-a-fotografa\/","title":{"rendered":"Sobre a Fot\u00f3grafa"},"content":{"rendered":"<div class=\"wpb-content-wrapper\"><p>[vc_row][vc_column]<div id=\"ultimate-heading-219869f4e3e0445b9\" class=\"uvc-heading ult-adjust-bottom-margin ultimate-heading-219869f4e3e0445b9 uvc-230 \" data-hspacer=\"no_spacer\"  data-halign=\"left\" style=\"text-align:left\"><div class=\"uvc-heading-spacer no_spacer\" style=\"top\"><\/div><div class=\"uvc-main-heading ult-responsive\"  data-ultimate-target='.uvc-heading.ultimate-heading-219869f4e3e0445b9 h1'  data-responsive-json-new='{\"font-size\":\"\",\"line-height\":\"\"}' ><h1 style=\"font-weight:normal;\">Sobre a Fot\u00f3grafa<\/h1><\/div><\/div><div class=\"ult-spacer spacer-69f4e3e0445e2\" data-id=\"69f4e3e0445e2\" data-height=\"20\" data-height-mobile=\"20\" data-height-tab=\"20\" data-height-tab-portrait=\"\" data-height-mobile-landscape=\"\" style=\"clear:both;display:block;\"><\/div>[\/vc_column][\/vc_row][vc_row][vc_column width=&#8221;1\/4&#8243;][vc_single_image image=&#8221;320&#8243; img_size=&#8221;full&#8221; alignment=&#8221;center&#8221;][vc_column_text]<\/p>\n<p style=\"text-align: center;\">Gislene Madi Tom\u00e9<\/p>\n<p>[\/vc_column_text][\/vc_column][vc_column width=&#8221;3\/4&#8243;][vc_column_text]Fotografar \u00e9 mais do que registrar imagens, mas de alguma forma, registrar um momento no tempo, uma emo\u00e7\u00e3o, um sentimento que precisa ficar guardado para sempre.<\/p>\n<p>A fotografia n\u00e3o precisa ser explicada, e sim compreendida aos olhos de quem a v\u00ea.<\/p>\n<p>Por estes motivos, me apaixonei pela fotografia pois vai al\u00e9m do registro, passando pela emo\u00e7\u00e3o, pela arte e principalmente pelo cora\u00e7\u00e3o.<\/p>\n<p>Procuro colocar em todos os meus trabalhos, muita paix\u00e3o, por isso, gosto de fotografar sorrisos, pessoas, momentos especiais de suas vidas, para que se lembrem com carinho ao olharem minhas fotos.<\/p>\n<p>Al\u00e9m disso, todos os meus trabalhos, me preocupo com a qualidade, respeito e aten\u00e7\u00e3o pelos meus clientes. Para mim todo ensaio fotogr\u00e1fico \u00e9 \u00fanico e especial !<\/p>\n<p>Sou Fot\u00f3grafa profissional especializada em ensaios de gestantes, rec\u00e9m-nascidos, beb\u00eas e crian\u00e7as. Formada em Tecnologia e Fotografia, estou sempre participando de cursos e workshops espec\u00edficos para melhorar cada dia mais minhas fotografias no quesito t\u00e9cnico e art\u00edstico.<br \/>\nFa\u00e7o parte da ABFRN que \u00e9 um grupo profissional que zela pela seguran\u00e7a do beb\u00ea e pela qualidade no trabalho de Fotografia de Rec\u00e9m-nascidos.<br \/>\nNosso est\u00fadio pr\u00f3prio \u00e9 preparado para atender com amor, respeito e carinho meus clientes. Entre em contato conosco e venha conhecer nosso trabalho.[\/vc_column_text][\/vc_column][\/vc_row]<\/p>\n<\/div>","protected":false},"excerpt":{"rendered":"<p>[vc_row][vc_column][\/vc_column][\/vc_row][vc_row][vc_column width=&#8221;1\/4&#8243;][vc_single_image image=&#8221;320&#8243; img_size=&#8221;full&#8221; alignment=&#8221;center&#8221;][vc_column_text] Gislene Madi Tom\u00e9 [\/vc_column_text][\/vc_column][vc_column width=&#8221;3\/4&#8243;][vc_column_text]Fotografar \u00e9 mais do que registrar imagens, mas de alguma forma, registrar um momento no tempo, uma emo\u00e7\u00e3o, um sentimento que precisa ficar guardado para sempre. A fotografia n\u00e3o precisa ser explicada, e sim compreendida aos olhos de quem a v\u00ea. Por estes motivos, me apaixonei&hellip;<\/p>\n","protected":false},"author":1,"featured_media":0,"parent":0,"menu_order":0,"comment_status":"closed","ping_status":"closed","template":"","meta":[],"class_list":["post-322","page","type-page","status-publish","hentry","description-off"],"_links":{"self":[{"href":"https:\/\/www.bebedetoucafotografia.com.br\/index.php\/wp-json\/wp\/v2\/pages\/322","targetHints":{"allow":["GET"]}}],"collection":[{"href":"https:\/\/www.bebedetoucafotografia.com.br\/index.php\/wp-json\/wp\/v2\/pages"}],"about":[{"href":"https:\/\/www.bebedetoucafotografia.com.br\/index.php\/wp-json\/wp\/v2\/types\/page"}],"author":[{"embeddable":true,"href":"https:\/\/www.bebedetoucafotografia.com.br\/index.php\/wp-json\/wp\/v2\/users\/1"}],"replies":[{"embeddable":true,"href":"https:\/\/www.bebedetoucafotografia.com.br\/index.php\/wp-json\/wp\/v2\/comments?post=322"}],"version-history":[{"count":8,"href":"https:\/\/www.bebedetoucafotografia.com.br\/index.php\/wp-json\/wp\/v2\/pages\/322\/revisions"}],"predecessor-version":[{"id":329,"href":"https:\/\/www.bebedetoucafotografia.com.br\/index.php\/wp-json\/wp\/v2\/pages\/322\/revisions\/329"}],"wp:attachment":[{"href":"https:\/\/www.bebedetoucafotografia.com.br\/index.php\/wp-json\/wp\/v2\/media?parent=322"}],"curies":[{"name":"wp","href":"https:\/\/api.w.org\/{rel}","templated":true}]}}

Sobre a Fotógrafa

<div class="wpb-content-wrapper"><p>[vc_row][vc_column]<div id="ultimate-heading-219869f4e3e0445b9" class="uvc-heading ult-adjust-bottom-margin ultimate-heading-219869f4e3e0445b9 uvc-230 " data-hspacer="no_spacer"  data-halign="left" style="text-align:left"><div class="uvc-heading-spacer no_spacer" style="top"></div><div class="uvc-main-heading ult-responsive"  data-ultimate-target='.uvc-heading.ultimate-heading-219869f4e3e0445b9 h1'  data-responsive-json-new='{"font-size":"","line-height":""}' ><h1 style="font-weight:normal;">Sobre a Fotógrafa</h1></div></div><div class="ult-spacer spacer-69f4e3e0445e2" data-id="69f4e3e0445e2" data-height="20" data-height-mobile="20" data-height-tab="20" data-height-tab-portrait="" data-height-mobile-landscape="" style="clear:both;display:block;"></div>[/vc_column][/vc_row][vc_row][vc_column width=&#8221;1/4&#8243;][vc_single_image image=&#8221;320&#8243; img_size=&#8221;full&#8221; alignment=&#8221;center&#8221;][vc_column_text]</p>
<p style="text-align: center;">Gislene Madi Tomé</p>
<p>[/vc_column_text][/vc_column][vc_column width=&#8221;3/4&#8243;][vc_column_text]Fotografar é mais do que registrar imagens, mas de alguma forma, registrar um momento no tempo, uma emoção, um sentimento que precisa ficar guardado para sempre.</p>
<p>A fotografia não precisa ser explicada, e sim compreendida aos olhos de quem a vê.</p>
<p>Por estes motivos, me apaixonei pela fotografia pois vai além do registro, passando pela emoção, pela arte e principalmente pelo coração.</p>
<p>Procuro colocar em todos os meus trabalhos, muita paixão, por isso, gosto de fotografar sorrisos, pessoas, momentos especiais de suas vidas, para que se lembrem com carinho ao olharem minhas fotos.</p>
<p>Além disso, todos os meus trabalhos, me preocupo com a qualidade, respeito e atenção pelos meus clientes. Para mim todo ensaio fotográfico é único e especial !</p>
<p>Sou Fotógrafa profissional especializada em ensaios de gestantes, recém-nascidos, bebês e crianças. Formada em Tecnologia e Fotografia, estou sempre participando de cursos e workshops específicos para melhorar cada dia mais minhas fotografias no quesito técnico e artístico.<br />
Faço parte da ABFRN que é um grupo profissional que zela pela segurança do bebê e pela qualidade no trabalho de Fotografia de Recém-nascidos.<br />
Nosso estúdio próprio é preparado para atender com amor, respeito e carinho meus clientes. Entre em contato conosco e venha conhecer nosso trabalho.[/vc_column_text][/vc_column][/vc_row]</p>
</div>

<p>[vc_row][vc_column][/vc_column][/vc_row][vc_row][vc_column width=&#8221;1/4&#8243;][vc_single_image image=&#8221;320&#8243; img_size=&#8221;full&#8221; alignment=&#8221;center&#8221;][vc_column_text] Gislene Madi Tomé [/vc_column_text][/vc_column][vc_column width=&#8221;3/4&#8243;][vc_column_text]Fotografar é mais do que registrar imagens, mas de alguma forma, registrar um momento no tempo, uma emoção, um sentimento que precisa ficar guardado para sempre. A fotografia não precisa ser explicada, e sim compreendida aos olhos de quem a vê. Por estes motivos, me apaixonei&hellip;</p>
